{"id":3621,"date":"2018-12-19T20:01:01","date_gmt":"2018-12-19T20:01:01","guid":{"rendered":"http:\/\/congres2019.societate-diabet.ro\/?page_id=3621"},"modified":"2026-01-23T17:30:57","modified_gmt":"2026-01-23T15:30:57","slug":"rezumate","status":"publish","type":"page","link":"https:\/\/societate-diabet.ro\/congres2026\/rezumate\/","title":{"rendered":"Rezumate"},"content":{"rendered":"<p>[et_pb_section fb_built=&#8221;1&#8243; admin_label=&#8221;section&#8221; _builder_version=&#8221;4.16&#8243; global_colors_info=&#8221;{}&#8221;][et_pb_row admin_label=&#8221;row&#8221; _builder_version=&#8221;4.16&#8243; background_size=&#8221;initial&#8221; background_position=&#8221;top_left&#8221; background_repeat=&#8221;repeat&#8221; global_colors_info=&#8221;{}&#8221;][et_pb_column type=&#8221;4_4&#8243; _builder_version=&#8221;4.16&#8243; custom_padding=&#8221;|||&#8221; global_colors_info=&#8221;{}&#8221; custom_padding__hover=&#8221;|||&#8221;][et_pb_text admin_label=&#8221;Text&#8221; _builder_version=&#8221;4.27.5&#8243; background_size=&#8221;initial&#8221; background_position=&#8221;top_left&#8221; background_repeat=&#8221;repeat&#8221; hover_enabled=&#8221;0&#8243; global_colors_info=&#8221;{}&#8221; sticky_enabled=&#8221;0&#8243;]<\/p>\n<h3><span style=\"color: #2e3ca9;\"><strong>\u00ceNSCRIEREA REZUMATELOR | SESIUNI PREZENT\u0102RI ORALE &amp; E-POSTER<\/strong><\/span><\/h3>\n<p><span style=\"color: #151762;\"><strong><\/strong><\/span><\/p>\n<p><span style=\"color: #151762;\"><strong>Termenul limit\u0103 de trimitere a rezumatelor este <span style=\"text-decoration: underline; color: #ff0000;\">30 martie 2026<\/span><\/strong><\/span><\/p>\n<p><span style=\"color: #000000;\">Pentru fiecare rezumat exist\u0103 op\u0163iunea <span style=\"color: #151762;\"><strong>\u201eprezentare oral\u0103\u201d<\/strong> <\/span>sau <span style=\"color: #151762;\"><strong>\u201eprezentare poster\u201d<\/strong><\/span>. Selectarea de c\u0103tre dumneavoastr\u0103 a uneia dintre aceste variante este obligatorie \u00een vederea alc\u0103tuirii programului \u015ftiin\u0163ific, dar decizia final\u0103 a tipului de prezentare (oral\u0103\/ tip poster) apar\u0163ine Comitetului \u0218tiin\u0163ific \u0219i v\u0103 va fi comunicat\u0103 \u00een timp util.<\/span><\/p>\n<p><span style=\"color: #000000;\"><span style=\"color: #151762;\"><strong>Prim-autorii lucr\u0103rilor acceptate<\/strong> <\/span>a fi prezentate (at\u00e2t poster c\u00e2t \u0219i prezent\u0103ri orale) beneficiaz\u0103 de <span style=\"color: #ff0000;\"><strong>GRATUITATE pentru tax\u0103 de \u00eenscriere \u0219i cazare<\/strong><\/span> (loc \u00een camer\u0103 dubl\u0103).<\/span><\/p>\n<p>[\/et_pb_text][et_pb_divider color=&#8221;#80A1FF&#8221; divider_weight=&#8221;6px&#8221; _builder_version=&#8221;4.27.5&#8243; _module_preset=&#8221;default&#8221; hover_enabled=&#8221;0&#8243; global_colors_info=&#8221;{}&#8221; sticky_enabled=&#8221;0&#8243;][\/et_pb_divider][et_pb_text admin_label=&#8221;Text&#8221; _builder_version=&#8221;4.27.5&#8243; background_size=&#8221;initial&#8221; background_position=&#8221;top_left&#8221; background_repeat=&#8221;repeat&#8221; hover_enabled=&#8221;0&#8243; global_colors_info=&#8221;{}&#8221; sticky_enabled=&#8221;0&#8243;]<\/p>\n<p><span style=\"color: #151762;\"><strong>REGULI DE REDACTARE A REZUMATELOR:\u00a0<\/strong><\/span><\/p>\n<p><span style=\"color: #000000;\"><span style=\"color: #151762;\"><strong><span style=\"color: #da77fb;\">\u00bb <\/span><\/strong><\/span><\/span><span style=\"color: #000000;\">rezumatul trebuie s\u0103 se \u00eencadreze \u00een limita a 300 cuvinte<\/span><\/p>\n<p><span style=\"color: #000000;\"><span style=\"color: #151762;\"><strong><span style=\"color: #da77fb;\">\u00bb <\/span><\/strong><\/span>rezumatul va fi trimis obligatoriu \u00een <\/span><span style=\"color: #ff0000;\"><strong>limbile ROM\u00c2N\u0102 \u015fi ENGLEZ\u0102<\/strong><\/span><span style=\"color: #000000;\"><strong>,<\/strong> \u00een format word, cu corp de liter\u0103 de m\u0103rimea 12, spa\u021biate la 1.5 r\u00e2nd<\/span><\/p>\n<p><span style=\"color: #000000;\"><span style=\"color: #151762;\"><strong><span style=\"color: #da77fb;\">\u00bb <\/span><\/strong><\/span>tot textul se scrie f\u0103r\u0103 aliniat de paragraf sau alte indent\u0103ri<\/span><\/p>\n<p>&nbsp;<\/p>\n<p><span style=\"color: #151762;\"><strong>REZUMATUL TREBUIE S\u0102 CUPRIND\u0102<\/strong>:<\/span><\/p>\n<p><span style=\"color: #000000;\"><span style=\"color: #151762;\"><strong><span style=\"color: #da77fb;\">\u00bb <\/span><\/strong><\/span>titlul, scris cu majuscule urmat de un r\u00e2nd gol; titlul (inclusiv spa\u0163iile) nu poate fi mai lung de 200 de caractere<\/span><\/p>\n<p><span style=\"color: #000000;\"><span style=\"color: #151762;\"><strong><span style=\"color: #da77fb;\">\u00bb <\/span><\/strong><\/span>numele autorilor, scrise pe un r\u00e2nd, respect\u00e2nd ordinea: prenume urmat de nume (nu folosi\u0163i titluri profesionale\/academice); numele autorului ce va prezenta lucrarea trebuie subliniat; dup\u0103 lista autorilor se va las\u0103 un r\u00e2nd liber<\/span><\/p>\n<p><span style=\"color: #000000;\"><span style=\"color: #151762;\"><strong><span style=\"color: #da77fb;\">\u00bb <\/span><\/strong><\/span>afilierea (institu\u0163ie, ora\u015f), at\u00e2t a primului autor, c\u00e2t \u015fi a co-autorilor. Se scrie totul pe un r\u00e2nd, urmat de un nou r\u00e2nd liber. Prima liter\u0103 a fiec\u0103rui cuv\u00e2nt trebuie scris\u0103 cu majuscul\u0103<\/span><\/p>\n<p><span style=\"color: #000000;\"><span style=\"color: #151762;\"><strong><span style=\"color: #da77fb;\">\u00bb <\/span><\/strong><\/span>se va insera un r\u00e2nd ce va cuprinde 3 \u2013 5 cuvinte cheie<\/span><\/p>\n<p><span style=\"color: #000000;\"><span style=\"color: #151762;\"><strong><span style=\"color: #da77fb;\">\u00bb <\/span><\/strong><\/span>textul propriu-zis, care va respecta structura cunoscut\u0103: introducere, material \u015fi metod\u0103, rezultate, concluzii (se vor evita formul\u0103rile precum \u201erezultatele vor fi prezentate\u201d); textul trebuie s\u0103 con\u0163in\u0103 suficiente detalii pentru a putea justifica concluzia<\/span><\/p>\n<p><span style=\"color: #000000;\"><span style=\"color: #151762;\"><strong><span style=\"color: #da77fb;\">\u00bb <\/span><\/strong><\/span>toate abrevierile vor fi explicate la prima utilizare \u00een text<\/span><\/p>\n<p><span style=\"color: #000000;\"><span style=\"color: #151762;\"><strong><span style=\"color: #da77fb;\">\u00bb <\/span><\/strong><\/span>se accept\u0103 maximum o figur\u0103 sau un tabel. Figura\/tabelul va avea un titlu, precedat de eticheta Fig. 1\/Tabel 1<\/span><\/p>\n<p>[\/et_pb_text][et_pb_code _builder_version=&#8221;4.27.5&#8243; _module_preset=&#8221;default&#8221; global_colors_info=&#8221;{}&#8221;]<iframe style=\"width: 100vw; height: 150vh; border: none;\" src=\"https:\/\/www.sanatateapress.ro\/form-view\/32\"><\/iframe>[\/et_pb_code][\/et_pb_column][\/et_pb_row][et_pb_row column_structure=&#8221;1_2,1_2&#8243; disabled_on=&#8221;on|on|on&#8221; _builder_version=&#8221;4.27.5&#8243; _module_preset=&#8221;default&#8221; disabled=&#8221;on&#8221; global_colors_info=&#8221;{}&#8221;][et_pb_column type=&#8221;1_2&#8243; _builder_version=&#8221;4.27.5&#8243; _module_preset=&#8221;default&#8221; global_colors_info=&#8221;{}&#8221;][et_pb_button button_url=&#8221;https:\/\/societate-diabet.ro\/congres2026\/wp-content\/uploads\/2025\/04\/Template-PREZENTARE-ORALA.pptx&#8221; button_text=&#8221;TEMPLATE PREZENATARE ORAL\u0102&#8221; button_alignment=&#8221;center&#8221; _builder_version=&#8221;4.27.5&#8243; _module_preset=&#8221;default&#8221; global_colors_info=&#8221;{}&#8221;][\/et_pb_button][\/et_pb_column][et_pb_column type=&#8221;1_2&#8243; _builder_version=&#8221;4.27.5&#8243; _module_preset=&#8221;default&#8221; global_colors_info=&#8221;{}&#8221;][et_pb_button button_url=&#8221;https:\/\/societate-diabet.ro\/congres2026\/wp-content\/uploads\/2025\/04\/Template-PREZENTARE-POSTER.pptx&#8221; button_text=&#8221;TEMPLATE PREZENTARE POSTER&#8221; button_alignment=&#8221;center&#8221; _builder_version=&#8221;4.27.5&#8243; _module_preset=&#8221;default&#8221; global_colors_info=&#8221;{}&#8221;][\/et_pb_button][\/et_pb_column][\/et_pb_row][\/et_pb_section]<\/p>\n","protected":false},"excerpt":{"rendered":"<p>\u00ceNSCRIEREA REZUMATELOR | SESIUNI PREZENT\u0102RI ORALE &amp; E-POSTER Termenul limit\u0103 de trimitere a rezumatelor este 30 martie 2026 Pentru fiecare rezumat exist\u0103 op\u0163iunea \u201eprezentare oral\u0103\u201d sau \u201eprezentare poster\u201d. Selectarea de c\u0103tre dumneavoastr\u0103 a uneia dintre aceste variante este obligatorie \u00een vederea alc\u0103tuirii programului \u015ftiin\u0163ific, dar decizia final\u0103 a tipului de prezentare (oral\u0103\/ tip poster) apar\u0163ine [&hellip;]<\/p>\n","protected":false},"author":1,"featured_media":0,"parent":0,"menu_order":-140,"comment_status":"closed","ping_status":"closed","template":"","meta":{"_et_pb_use_builder":"on","_et_pb_old_content":"<p>[vc_row][vc_column][vc_column_text]<\/p>\n<h3><span style=\"color: #032988;\"><strong>Termenul limit\u0103 de trimitere a rezumatelor este <span style=\"text-decoration: underline; color: #ff0000;\">30 martie 2025<\/span><\/strong><\/span><\/h3>\n<p><span style=\"color: #000000;\">Pentru fiecare rezumat exist\u0103 op\u0163iunea <strong>\u201eprezentare oral\u0103\u201d<\/strong> sau <strong>\u201eprezentare poster\u201d<\/strong>. Selectarea de c\u0103tre dumneavoastr\u0103 a uneia dintre aceste variante este obligatorie \u00een vederea alc\u0103tuirii programului \u015ftiin\u0163ific, dar decizia final\u0103 a tipului de prezentare (oral\u0103\/ tip poster) apar\u0163ine Comitetului \u0218tiin\u0163ific \u0219i v\u0103 va fi comunicat\u0103 \u00een timp util.<\/span><\/p>\n<p><span style=\"color: #000000;\">Prim-autorii lucr\u0103rilor acceptate a fi prezentate (at\u00e2t poster c\u00e2t \u0219i prezent\u0103ri orale) beneficiaz\u0103 de <span style=\"color: #ff0000;\"><strong>GRATUITATE pentru tax\u0103 de \u00eenscriere \u0219i cazare<\/strong><\/span> (loc \u00een camer\u0103 dubl\u0103).<\/span><\/p>\n<p>&nbsp;<\/p>\n<p><span style=\"color: #032988;\"><strong>REGULI DE REDACTARE A REZUMATELOR: <\/strong><\/span><\/p>\n<p><span style=\"color: #000000;\">V\u0103 rug\u0103m s\u0103 respecta\u0163i <strong>URM\u0102TOARELE CERIN\u021aE DE REDACTARE<\/strong>:<\/span><\/p>\n<ul>\n<li><span style=\"color: #000000;\">rezumatul trebuie s\u0103 se \u00eencadreze \u00een limita a 300 cuvinte<\/span><\/li>\n<li><span style=\"color: #000000;\">rezumatul va fi trimis \u00een limba rom\u00e2n\u0103 \u015fi englez\u0103, \u00een format word, cu corp de liter\u0103 de m\u0103rimea 12, spa\u021biate la 1.5 r\u00e2nd<\/span><\/li>\n<li><span style=\"color: #000000;\">tot textul se scrie f\u0103r\u0103 aliniat de paragraf sau alte indent\u0103ri<\/span><\/li>\n<\/ul>\n<p>&nbsp;<\/p>\n<p><span style=\"color: #032988;\"><strong>REZUMATUL TREBUIE S\u0102 CUPRIND\u0102<\/strong>:<\/span><\/p>\n<ul>\n<li><span style=\"color: #000000;\">titlul, scris cu majuscule urmat de un r\u00e2nd gol; titlul (inclusiv spa\u0163iile) nu poate fi mai lung de 200 de caractere<\/span><\/li>\n<li><span style=\"color: #000000;\">numele autorilor, scrise pe un r\u00e2nd, respect\u00e2nd ordinea: prenume urmat de nume (nu folosi\u0163i titluri profesionale\/academice); numele autorului ce va prezenta lucrarea trebuie subliniat; dup\u0103 lista autorilor se va las\u0103 un r\u00e2nd liber<\/span><\/li>\n<li><span style=\"color: #000000;\">afilierea (institu\u0163ie, ora\u015f), at\u00e2t a primului autor, c\u00e2t \u015fi a co-autorilor. Se scrie totul pe un r\u00e2nd, urmat de un nou r\u00e2nd liber. Prima liter\u0103 a fiec\u0103rui cuv\u00e2nt trebuie scris\u0103 cu majuscul\u0103<\/span><\/li>\n<li><span style=\"color: #000000;\">se va insera un r\u00e2nd ce va cuprinde 3 \u2013 5 cuvinte cheie<\/span><\/li>\n<li><span style=\"color: #000000;\">textul propriu-zis, care va respecta structura cunoscut\u0103: introducere, material \u015fi metod\u0103, rezultate, concluzii (se vor evita formul\u0103rile precum \u201erezultatele vor fi prezentate\u201d); textul trebuie s\u0103 con\u0163in\u0103 suficiente detalii pentru a putea justifica concluzia<\/span><\/li>\n<li><span style=\"color: #000000;\">toate abrevierile vor fi explicate la prima utilizare \u00een text<\/span><\/li>\n<li><span style=\"color: #000000;\">se accept\u0103 maximum o figur\u0103 sau un tabel. Figura\/tabelul va avea un titlu, precedat de eticheta Fig. 1\/Tabel 1<\/span><\/li>\n<\/ul>\n<p>[\/vc_column_text][\/vc_column][\/vc_row][vc_row disable_element=\"yes\"][vc_column width=\"1\/2\"][vc_btn title=\"TEMPLATE PREZENT\u0102RI ORALE\" color=\"danger\" align=\"center\" link=\"url:https%3A%2F%2Fcongres2025.societate-diabet.ro%2Fwp-content%2Fuploads%2F2025%2F04%2FTemplate-PREZENTARE-ORALA.pptx\"][\/vc_column][vc_column width=\"1\/2\"][vc_btn title=\"TEMPLATE PREZENT\u0102RI POSTER\" color=\"turquoise\" align=\"center\" link=\"url:https%3A%2F%2Fcongres2025.societate-diabet.ro%2Fwp-content%2Fuploads%2F2025%2F04%2FTemplate-PREZENTARE-POSTER.pptx\"][\/vc_column][\/vc_row]<\/p>\n","_et_gb_content_width":"","footnotes":""},"class_list":["post-3621","page","type-page","status-publish","hentry"],"jetpack_sharing_enabled":true,"_links":{"self":[{"href":"https:\/\/societate-diabet.ro\/congres2026\/wp-json\/wp\/v2\/pages\/3621","targetHints":{"allow":["GET"]}}],"collection":[{"href":"https:\/\/societate-diabet.ro\/congres2026\/wp-json\/wp\/v2\/pages"}],"about":[{"href":"https:\/\/societate-diabet.ro\/congres2026\/wp-json\/wp\/v2\/types\/page"}],"author":[{"embeddable":true,"href":"https:\/\/societate-diabet.ro\/congres2026\/wp-json\/wp\/v2\/users\/1"}],"replies":[{"embeddable":true,"href":"https:\/\/societate-diabet.ro\/congres2026\/wp-json\/wp\/v2\/comments?post=3621"}],"version-history":[{"count":7,"href":"https:\/\/societate-diabet.ro\/congres2026\/wp-json\/wp\/v2\/pages\/3621\/revisions"}],"predecessor-version":[{"id":9375,"href":"https:\/\/societate-diabet.ro\/congres2026\/wp-json\/wp\/v2\/pages\/3621\/revisions\/9375"}],"wp:attachment":[{"href":"https:\/\/societate-diabet.ro\/congres2026\/wp-json\/wp\/v2\/media?parent=3621"}],"curies":[{"name":"wp","href":"https:\/\/api.w.org\/{rel}","templated":true}]}}